{"id":7757,"date":"2024-08-12T12:04:40","date_gmt":"2024-08-12T19:04:40","guid":{"rendered":"https:\/\/vcea.wsu.edu\/student-success\/?page_id=7757"},"modified":"2024-08-29T16:00:00","modified_gmt":"2024-08-29T23:00:00","slug":"sample-computer-science-resume","status":"publish","type":"page","link":"https:\/\/vcea.wsu.edu\/student-success\/internships-careers\/resources\/sample-computer-science-resume\/","title":{"rendered":"Sample Computer Science R\u00e9sum\u00e9"},"content":{"rendered":"<div class=\"wsu-row wsu-row--sidebar-right\" >\r\n    \n<div class=\"wsu-column\"  style=\"\">\r\n\t\n\n<p>Your r\u00e9sum\u00e9 is a document that captures who you are, your experiences, your skills, and your education. It is your brand, and you will use it to market yourself for internships, jobs, scholarships, and professional memberships to name just a few. Your r\u00e9sum\u00e9 is always a work in progress. As you add new education, experiences, and skills to your r\u00e9sum\u00e9, you will also remove items that are no longer relevant. As your marketing tool, it is not a record of everything you\u2019ve ever done, but is a customized document that tells the reader why you are a perfect fit for the opportunity. The best r\u00e9sum\u00e9s, and the ones that get an interview, are never generic.<\/p>\n\n\n<div class=\"wsu-note wsu-note--border-pacificsky wsu-spacing-before--xmedium wsu-spacing-after--xxmedium\">\n\t\t\t<i class=\"wsu-note__icon wsu-icon wsu-i-light-bulb\" aria-label=\"Icon label\"><\/i>\n\t\n\t\t\t<div class=\"wsu-note__title\">\n\t\t\tR\u00e9sum\u00e9 Review\t\t<\/div>\n\t\t\n\t\n\n<p>Once you have created your r\u00e9sum\u00e9, drop in to the <a href=\"https:\/\/vcea.wsu.edu\/student-success\/internships-careers\/\">Internships and Career Services office<\/a> so that we can review your r\u00e9sum\u00e9. Once your r\u00e9sum\u00e9 is final, upload it to Handshake, complete your Handshake profile, and make your profile viewable by employers.<\/p>\n\n<\/div>\n\n<\/div>\r\n\n\n<div class=\"wsu-column\"  style=\"\">\r\n\t\n<div class=\"wsu-callout wsu-border--color-pacificsky\" >\r\n    <h2 class=\"wsu-callout__title\">\r\n        Resources    <\/h2>    \n\n<p>The VCEA Internships and Career Services office offers a variety of resources for students on building r\u00e9sum\u00e9s, writing cover letters, searching for jobs, and more.<\/p>\n\n\n<div class=\"wsu-cta \" >\n\t<a \t\t\t\t\thref=\"https:\/\/vcea.wsu.edu\/student-success\/internships-careers\/resources\/\"\t\n\t\tclass=\"wsu-button \">\n\t\t\t\n\t\tBrowse Resources\t\t\t<\/a>\n<\/div>\n\n<\/div>\r\n\n<\/div>\r\n\n<\/div>\n\n<section  class=\"wsu-section wsu-width--full\"  >\r\n    <div class=\"wsu-section__inner wsu-width--content\">    \n\n<h2 class=\"wp-block-heading\">Sample R\u00e9sum\u00e9<\/h2>\n\n\n<div class=\"wsu-container wsu-max-width--xlarge wsu-color-background--white wsu-spacing-padding-left--xmedium wsu-spacing-padding-right--xmedium wsu-spacing-top--xmedium wsu-spacing-bottom--xmedium\" >\r\n    \n\n<h3 class=\"wp-block-heading\">Your Name<\/h3>\n\n\n\n<p>your phone number | first.last@wsu.edu | linkedin.com\/first-last | your GitHub info<\/p>\n\n\n\n<h4 class=\"wsu-heading--style-marked wsu-heading--mark-color-gray wp-block-heading\">Summary of Qualifications<\/h4>\n\n\n\n<ul><li>Thorough understanding of Software Engineering design principles through coursework and projects<\/li><li>Strong Mathematical background and ability to model real world problems<\/li><li>Constant desire to learn more and understand how and why things work the way they do as demonstrated in Projects<\/li><li>Motivated and highly competitive inclination to succeed in any environment or at any task as shown in Projects<\/li><li>Programming Languages used: R, C#, C, C++, Python, Swift, Java<\/li><\/ul>\n\n\n\n<h4 class=\"wsu-heading--style-marked wsu-heading--mark-color-gray wp-block-heading\">Education <\/h4>\n\n\n<div class=\"wsu-row wsu-row--sidebar-right\" >\r\n    \n<div class=\"wsu-column\"  style=\"\">\r\n\t\n\n<h5 class=\"wsu-spacing-after--none wp-block-heading\">Bachelor of Science in Computer Science &amp; Minor in Mathematics; GPA 3.5<\/h5>\n\n\n\n<p class=\"wsu-spacing-after--xsmall\">Washington State University, Pullman, WA;<br>President\u2019s Honor Roll<\/p>\n\n<\/div>\r\n\n\n<div class=\"wsu-column\"  style=\"\">\r\n\t\n\n<p class=\"has-text-align-right\">Expected May, 2020<\/p>\n\n<\/div>\r\n\n<\/div>\n\n\n<ul><li>Relevant Coursework: Systems Programming, Data Science, Networking, Design and Analysis of Algorithms, Principles of Optimization and Linear Programming, Statistics for Scientists and Engineers and Differential Equations.<\/li><\/ul>\n\n\n<div class=\"wsu-row wsu-row--sidebar-right\" >\r\n    \n<div class=\"wsu-column\"  style=\"\">\r\n\t\n\n<h5 class=\"wsu-spacing-after--none wp-block-heading\">Running Start Program \u2013 completed 50 transferable credits while in high school<\/h5>\n\n\n\n<p class=\"wsu-spacing-after--xsmall\">Clark Community College, Vancouver, WA<\/p>\n\n<\/div>\r\n\n\n<div class=\"wsu-column\"  style=\"\">\r\n\t\n\n<p class=\"has-text-align-right\"><\/p>\n\n<\/div>\r\n\n<\/div>\n\n\n<h4 class=\"wsu-heading--style-marked wsu-heading--mark-color-gray wp-block-heading\">Skills<\/h4>\n\n\n\n<p>R, C#, C, C++, Python, Swift, Java; attention to detail and strong work ethic as shown in \u201cOther Experience.\u201d Experience with classroom and research laboratories, computer modeling, Excel, and AutoCAD.<\/p>\n\n\n\n<h4 class=\"wsu-heading--style-marked wsu-heading--mark-color-gray wp-block-heading\">Projects <\/h4>\n\n\n<div class=\"wsu-row wsu-row--sidebar-right\" >\r\n    \n<div class=\"wsu-column\"  style=\"\">\r\n\t\n\n<h5 class=\"wp-block-heading\">Drone Defense, Personal group project<\/h5>\n\n<\/div>\r\n\n\n<div class=\"wsu-column\"  style=\"\">\r\n\t\n\n<p class=\"has-text-align-right wsu-spacing-after--xsmall\">2017-2018<\/p>\n\n<\/div>\r\n\n<\/div>\n\n\n<ul><li>Fabricated a drone that uses pepper spray, stun gun, and other non-lethal methods of apprehending criminals or intruders and incorporates the OpenCV project for facial and object recognition<\/li><li>Build off existing open source software to create unique AI and onboard intelligence ensuring functionality in the event of lost connectivity<\/li><li>Design the casing\/frame of the drone using SolidWorks design software<\/li><li>Built a rough proof-of-concept drone and started designing a ground control station in C# using Visual Studio by integrating flight control, orientation, altitude and similar factors to achieve flight<\/li><\/ul>\n\n\n<div class=\"wsu-row wsu-row--sidebar-right\" >\r\n    \n<div class=\"wsu-column\"  style=\"\">\r\n\t\n\n<h5 class=\"wp-block-heading\">Ext2 File system Implementation, WSU class project<\/h5>\n\n<\/div>\r\n\n\n<div class=\"wsu-column\"  style=\"\">\r\n\t\n\n<p class=\"has-text-align-right wsu-spacing-after--xsmall\">2018<\/p>\n\n<\/div>\r\n\n<\/div>\n\n\n<ul><li>Wrote a program that ran from the console and simulated a UNIX terminal with limited ext2FS functionality; functions implemented included read, write, symlink, ls, mkdir, rmdir, touch, cat, link and unlink.<\/li><\/ul>\n\n\n\n<h4 class=\"wsu-heading--style-marked wsu-heading--mark-color-gray wp-block-heading\">Awards and Experiences<\/h4>\n\n\n\n<ul><li><strong>Awards:<\/strong> Rebel Alliance Scholarship, WSU Boeing Scholar, 1st Place team at PretendHacks 2018 <\/li><li><strong>Organizations: <\/strong>WSU IEEE, Association for Computing Machinery, Gamer Club, Senator WSU Associated Students <\/li><li><strong>Community Service: <\/strong>Pullman Senior Center \u2013 assist members with computer issues <\/li><li><strong>Experiences: <\/strong>2017 CodeMsh developer conference<\/li><\/ul>\n\n\n\n<h4 class=\"wsu-heading--style-marked wsu-heading--mark-color-gray wp-block-heading\">Other Experience <\/h4>\n\n\n<div class=\"wsu-row wsu-row--sidebar-right\" >\r\n    \n<div class=\"wsu-column\"  style=\"\">\r\n\t\n\n<h5 class=\"wp-block-heading\">Framer\/General Laborer, Watkins Construction, Vancouver, WA<\/h5>\n\n<\/div>\r\n\n\n<div class=\"wsu-column\"  style=\"\">\r\n\t\n\n<p class=\"has-text-align-right\">Jun 2016 &#8211; Sept 2017<\/p>\n\n<\/div>\r\n\n<\/div>\n\n\n<ul><li>Devoted, not just mind, but body to the task<\/li><li>Success in this role due to meticulous attention to detail<\/li><\/ul>\n\n\n<div class=\"wsu-row wsu-row--sidebar-right\" >\r\n    \n<div class=\"wsu-column\"  style=\"\">\r\n\t\n\n<h5 class=\"wp-block-heading\">Freezer Stocker\/General Laborer, Minute Mart, Vancouver, WA<\/h5>\n\n<\/div>\r\n\n\n<div class=\"wsu-column\"  style=\"\">\r\n\t\n\n<p class=\"has-text-align-right\">July 2015 &#8211; August 2015<\/p>\n\n<\/div>\r\n\n<\/div>\n\n\n<ul><li>Strong work ethic allowed for time to help others on the team \u25cf Rewarded for work ethic through an increase in wages and duties<\/li><\/ul>\n\n<\/div>\n\n\n<p><\/p>\n\n    <\/div><\/section>\n\n<section  class=\"wsu-section wsu-color-background--white wsu-width--full wsu-spacing-after--none wsu-spacing-bottom--none wsu-spacing-before--xxmedium\"  >\r\n    <div class=\"wsu-section__inner wsu-width--content\">    \n<div class=\"wsu-decorator  wsu-decorator--style-block-gray-wsu\" style=\"top:0;bottom:0;left:0;height:215px;width:100%\"><\/div>\n\n<div class=\"wsu-container wsu-color-background--white wsu-position--relative wsu-zindex--level-4 wsu-border--add-top wsu-spacing-padding-left--xxmedium wsu-spacing-padding-right--xxmedium wsu-spacing-top--xmedium wsu-spacing-after--none wsu-spacing-bottom--none wsu-border--color-crimson\" >\r\n    \n\n<h2 class=\"wp-block-heading\" id=\"contact\">Contact the Internships and Career Services Office<\/h2>\n\n\n<div class=\"wsu-row wsu-spacing-after--xxsmall wsu-row--halves\" >\r\n    \n<div class=\"wsu-column\"  style=\"\">\r\n\t\n\n<ul class=\"wsu-spacing-before--sxxsmall\">\n<li><strong>Location:<\/strong>&nbsp;Dana Hall 140, 305 NE Spokane St.<\/li>\n\n\n\n<li><strong>Phone:<\/strong>&nbsp;<a href=\"tel:5093358726\">509-335-8726<\/a><\/li>\n\n\n\n<li><strong>E-mail:<\/strong> <a href=\"mailto:vcea.internships@wsu.edu\">vcea.internships@wsu.edu<\/a><\/li>\n<\/ul>\n\n\n\n<h3 class=\"wp-block-heading\">Career Coaching <\/h3>\n\n\n\n<ul>\n<li><strong>By Appointment<\/strong>\n<ul>\n<li><strong>Director: <\/strong><a href=\"https:\/\/outlook.office.com\/book\/VoilandCollegeCareerServices@email.wsu.edu\/s\/z8HObUnNHUCdM4K38rPyAQ2\">Lisa Hathaway<\/a><\/li>\n\n\n\n<li><strong>Interns:<\/strong> <a href=\"https:\/\/outlook.office365.com\/book\/VoilandCollegeCareerServices@email.wsu.edu\/?ismsaljsauthenabled=true\">Anna Nielsen<\/a> (MIS), <a href=\"https:\/\/outlook.office365.com\/book\/VoilandCollegeCareerServices@email.wsu.edu\/?ismsaljsauthenabled=true\" data-type=\"URL\" data-id=\"https:\/\/outlook.office365.com\/book\/VoilandCollegeCareerServices@email.wsu.edu\/?ismsaljsauthenabled=true\">Ariana Avina<\/a> (ME), <a href=\"https:\/\/outlook.office365.com\/book\/VoilandCollegeCareerServices@email.wsu.edu\/?ismsaljsauthenabled=true\" data-type=\"URL\" data-id=\"https:\/\/outlook.office365.com\/book\/VoilandCollegeCareerServices@email.wsu.edu\/?ismsaljsauthenabled=true\">Troy Buchanan<\/a> (ME), <a href=\"https:\/\/outlook.office365.com\/book\/VoilandCollegeCareerServices@email.wsu.edu\/?ismsaljsauthenabled=true\" data-type=\"URL\" data-id=\"https:\/\/outlook.office365.com\/book\/VoilandCollegeCareerServices@email.wsu.edu\/?ismsaljsauthenabled=true\">Chance Shungu<\/a> (CS), and <a href=\"https:\/\/outlook.office365.com\/book\/VoilandCollegeCareerServices@email.wsu.edu\/?ismsaljsauthenabled=true\" data-type=\"URL\" data-id=\"https:\/\/outlook.office365.com\/book\/VoilandCollegeCareerServices@email.wsu.edu\/?ismsaljsauthenabled=true\">Samantha Klein <\/a>(CS)<\/li>\n<\/ul>\n<\/li>\n\n\n\n<li><strong>Drop-in<\/strong>\n<ul>\n<li><strong>Interns: <\/strong>3-4 pm, Monday through Friday<\/li>\n<\/ul>\n<\/li>\n<\/ul>\n\n<\/div>\r\n\n\n<div class=\"wsu-column\"  style=\"\">\r\n\t\n\n<h3 class=\"wp-block-heading wsu-spacing-after--none\">Social Media<\/h3>\n\n\n\n<ul class=\"wsu-social-icons vcss-custom-social\"><li class=\"wsu-social-icons__twitter\"><a href=\"https:\/\/x.com\/WSUVoilandPPEL\"><span class=\"screen-reader-only\">Go to wsu twitter<\/span><\/a><\/li><li class=\"wsu-social-icons__facebook\"><a href=\"https:\/\/www.facebook.com\/WSUVoilandSS\"><span class=\"screen-reader-only\">Go to wsu facebook<\/span><\/a><\/li><li class=\"wsu-social-icons__instagram\"><a href=\"https:\/\/www.instagram.com\/p\/BAaVQIMM6mw\/\"><span class=\"screen-reader-only\">Go to wsu instagram<\/span><\/a><\/li><li class=\"wsu-social-icons__linkedin\"><a href=\"https:\/\/www.linkedin.com\/groups\/14355576\/\"><span class=\"screen-reader-only\">Go to wsu linkedin<\/span><\/a><\/li><\/ul>\n\n\n\n<h3 class=\"wp-block-heading wsu-spacing-before--small\">Mailing Address<\/h3>\n\n\n\n<p>Voiland College Internships and Career Services<br>Washington State University<br>PO Box 642718<br>Pullman, WA 99164-2718<\/p>\n\n<\/div>\r\n\n<\/div>\n\n\n<figure class=\"wp-block-image size-large wsu-spacing-after--none\"><img decoding=\"async\" loading=\"lazy\" width=\"576\" height=\"126\" src=\"https:\/\/wpcdn.web.wsu.edu\/wp-vcea\/uploads\/sites\/3466\/2019\/07\/wsu_2021_vcea_coll_career_svcs_web_logo_full_color_rgb_4in@144ppi_adobe_express.jpeg\" alt=\"WSU Cougar logo that reads Washington State University, Voiland College Career Services.\" class=\"wp-image-5695\" srcset=\"https:\/\/wpcdn.web.wsu.edu\/wp-vcea\/uploads\/sites\/3466\/2019\/07\/wsu_2021_vcea_coll_career_svcs_web_logo_full_color_rgb_4in@144ppi_adobe_express.jpeg 576w, https:\/\/wpcdn.web.wsu.edu\/wp-vcea\/uploads\/sites\/3466\/2019\/07\/wsu_2021_vcea_coll_career_svcs_web_logo_full_color_rgb_4in@144ppi_adobe_express-396x87.jpeg 396w\" sizes=\"(max-width: 576px) 100vw, 576px\" \/><\/figure>\n\n<\/div>\n    <\/div><\/section>\n\n\n<p><\/p>\n","protected":false},"excerpt":{"rendered":"<p>Your r\u00e9sum\u00e9 is a document that captures who you are, your experiences, your skills, and your education. Learn what a computer science college r\u00e9sum\u00e9 looks like.<\/p>\n","protected":false},"author":63,"featured_media":0,"parent":2361,"menu_order":0,"comment_status":"closed","ping_status":"closed","template":"","meta":[],"categories":[],"tags":[],"wsuwp_university_location":[],"wsuwp_university_org":[],"_links":{"self":[{"href":"https:\/\/vcea.wsu.edu\/student-success\/wp-json\/wp\/v2\/pages\/7757"}],"collection":[{"href":"https:\/\/vcea.wsu.edu\/student-success\/wp-json\/wp\/v2\/pages"}],"about":[{"href":"https:\/\/vcea.wsu.edu\/student-success\/wp-json\/wp\/v2\/types\/page"}],"author":[{"embeddable":true,"href":"https:\/\/vcea.wsu.edu\/student-success\/wp-json\/wp\/v2\/users\/63"}],"replies":[{"embeddable":true,"href":"https:\/\/vcea.wsu.edu\/student-success\/wp-json\/wp\/v2\/comments?post=7757"}],"version-history":[{"count":3,"href":"https:\/\/vcea.wsu.edu\/student-success\/wp-json\/wp\/v2\/pages\/7757\/revisions"}],"predecessor-version":[{"id":7845,"href":"https:\/\/vcea.wsu.edu\/student-success\/wp-json\/wp\/v2\/pages\/7757\/revisions\/7845"}],"up":[{"embeddable":true,"href":"https:\/\/vcea.wsu.edu\/student-success\/wp-json\/wp\/v2\/pages\/2361"}],"wp:attachment":[{"href":"https:\/\/vcea.wsu.edu\/student-success\/wp-json\/wp\/v2\/media?parent=7757"}],"wp:term":[{"taxonomy":"category","embeddable":true,"href":"https:\/\/vcea.wsu.edu\/student-success\/wp-json\/wp\/v2\/categories?post=7757"},{"taxonomy":"post_tag","embeddable":true,"href":"https:\/\/vcea.wsu.edu\/student-success\/wp-json\/wp\/v2\/tags?post=7757"},{"taxonomy":"wsuwp_university_location","embeddable":true,"href":"https:\/\/vcea.wsu.edu\/student-success\/wp-json\/wp\/v2\/wsuwp_university_location?post=7757"},{"taxonomy":"wsuwp_university_org","embeddable":true,"href":"https:\/\/vcea.wsu.edu\/student-success\/wp-json\/wp\/v2\/wsuwp_university_org?post=7757"}],"curies":[{"name":"wp","href":"https:\/\/api.w.org\/{rel}","templated":true}]}}